{"id":55,"date":"2014-11-24T14:48:32","date_gmt":"2014-11-24T13:48:32","guid":{"rendered":"http:\/\/www.chs-yonne.fr\/girard-de-roussillon\/?page_id=55"},"modified":"2021-12-09T12:11:06","modified_gmt":"2021-12-09T11:11:06","slug":"unites-de-soin","status":"publish","type":"page","link":"https:\/\/www.chs-yonne.fr\/girard-de-roussillon\/unites-de-soin\/","title":{"rendered":"Unit\u00e9s de soins"},"content":{"rendered":"\n<div class=\"wp-block-image\"><figure class=\"alignleft\"><a href=\"http:\/\/www.chs-yonne.fr\/girard-de-roussillon\/wp-content\/uploads\/sites\/2\/2014\/11\/locaux.png\" data-rel=\"lightbox-image-0\" data-rl_title=\"\" data-rl_caption=\"\" title=\"\"><img loading=\"lazy\" decoding=\"async\" width=\"74\" height=\"116\" src=\"http:\/\/www.chs-yonne.fr\/girard-de-roussillon\/wp-content\/uploads\/sites\/2\/2014\/11\/locaux.png\" alt=\"locaux\" class=\"wp-image-154\" \/><\/a><\/figure><\/div>\n\n\n\n<h3 class=\"wp-block-heading\">Les unit\u00e9s de soins :<\/h3>\n\n\n\n<p><strong>Etablissement public m\u00e9dico-social rattach\u00e9 au CHS de l\u2019Yonne<\/strong> depuis le 1<sup>er<\/sup> juillet 2000, la R\u00e9sidence Girard de Roussillon accueille des personnes adultes handicap\u00e9es valides souffrant de d\u00e9ficiences, de troubles psychiques et\/ou du comportement, et se propose d\u2019accompagner chaque r\u00e9sident, en situation de handicap, dans les gestes de la vie quotidienne, par le biais d\u2019un projet de soins personnalis\u00e9. Ce foyer d&rsquo;h\u00e9bergement pour adultes handicap\u00e9s s\u2019\u00e9tend sur une superficie de 69 271 m<sup>2\u00a0<\/sup>et comprend 5 unit\u00e9s de vie, de 20 lits chacune, r\u00e9parties comme suit :<\/p>\n\n\n\n<ul class=\"wp-block-list\"><li><strong>3 unit\u00e9s pour le Foyer d\u2019Accueil&nbsp;<\/strong><b>Occupationnel<\/b>&nbsp;qui prend en charge les r\u00e9sidents, valides ou semi-valides, atteints de troubles psychiques (capacit\u00e9 totale d\u2019accueil &#8211; 60 lits) :\n<ul>\n<li>L&rsquo;unit\u00e9 Bleuet<\/li>\n<li>L&rsquo;unit\u00e9 Edelweiss<\/li>\n<li>L&rsquo;unit\u00e9 Floriane<\/li>\n<\/ul>\n<\/li><li><strong>2 unit\u00e9s pour le Foyer d\u2019Accueil M\u00e9dicalis\u00e9<\/strong> qui prend en charge les r\u00e9sidents n\u00e9cessitant une permanence de soins accrue (capacit\u00e9 totale d\u2019accueil &#8211; 40 lits) :\n<ul>\n<li>L&rsquo;unit\u00e9 Coquelicot<\/li>\n<li>L&rsquo;unit\u00e9 Digitale<\/li>\n<\/ul>\n<\/li><\/ul>\n\n\n\n<p><strong>Chaque unit\u00e9 de soins comprend 16 chambres individuelles&nbsp;et 2 chambres doubles<\/strong>, \u00e9quip\u00e9es chacune d\u2019une salle de bain avec lavabo, douche et sanitaire, et meubl\u00e9es d\u2019un lit, d\u2019un bureau avec chaise, d\u2019une table de nuit, d\u2019un placard et d\u2019une sonnette d\u2019appel.<\/p>\n\n\n\n<p>Tout r\u00e9sident accueilli peut, s\u2019il le souhaite, personnaliser sa chambre \u00e0 son go\u00fbt (sauf la literie par mesure de s\u00e9curit\u00e9).<\/p>\n\n\n\n<p>Les repas sont servis dans la salle \u00e0 manger attenante au lieu de vie du r\u00e9sident, et une t\u00e9l\u00e9vision, ainsi qu\u2019un lecteur DVD sont \u00e0 la disposition des r\u00e9sidents dans chacune des salles d\u2019activit\u00e9 des unit\u00e9s de soins.<\/p>\n\n\n\n<p>La structure dispose, dans son hall principal, d\u2019une salle de veille \u00e9quip\u00e9e d\u2019un chariot d\u2019urgence avec d\u00e9fibrillateur automatique et d\u2019un point t\u00e9l\u00e9phone d\u2019o\u00f9 les r\u00e9sidents peuvent appeler et \u00eatre appel\u00e9s. Elle compte aussi une infirmerie, une pharmacie, un bureau m\u00e9dical, une cuisine, une lingerie, un atelier technique, et 4 bureaux administratifs, ainsi qu\u2019une salle de r\u00e9union pour les transmissions inter-\u00e9quipes.<\/p>\n","protected":false},"excerpt":{"rendered":"<p>Les unit\u00e9s de soins : Etablissement public m\u00e9dico-social rattach\u00e9 au CHS de [&hellip;]<\/p>\n","protected":false},"author":1,"featured_media":0,"parent":0,"menu_order":0,"comment_status":"open","ping_status":"open","template":"","meta":{"footnotes":""},"class_list":["post-55","page","type-page","status-publish","hentry"],"_links":{"self":[{"href":"https:\/\/www.chs-yonne.fr\/girard-de-roussillon\/wp-json\/wp\/v2\/pages\/55","targetHints":{"allow":["GET"]}}],"collection":[{"href":"https:\/\/www.chs-yonne.fr\/girard-de-roussillon\/wp-json\/wp\/v2\/pages"}],"about":[{"href":"https:\/\/www.chs-yonne.fr\/girard-de-roussillon\/wp-json\/wp\/v2\/types\/page"}],"author":[{"embeddable":true,"href":"https:\/\/www.chs-yonne.fr\/girard-de-roussillon\/wp-json\/wp\/v2\/users\/1"}],"replies":[{"embeddable":true,"href":"https:\/\/www.chs-yonne.fr\/girard-de-roussillon\/wp-json\/wp\/v2\/comments?post=55"}],"version-history":[{"count":9,"href":"https:\/\/www.chs-yonne.fr\/girard-de-roussillon\/wp-json\/wp\/v2\/pages\/55\/revisions"}],"predecessor-version":[{"id":408,"href":"https:\/\/www.chs-yonne.fr\/girard-de-roussillon\/wp-json\/wp\/v2\/pages\/55\/revisions\/408"}],"wp:attachment":[{"href":"https:\/\/www.chs-yonne.fr\/girard-de-roussillon\/wp-json\/wp\/v2\/media?parent=55"}],"curies":[{"name":"wp","href":"https:\/\/api.w.org\/{rel}","templated":true}]}}