{"id":25,"date":"2014-11-24T10:05:47","date_gmt":"2014-11-24T09:05:47","guid":{"rendered":"http:\/\/www.chs-yonne.fr\/girard-de-roussillon\/?page_id=25"},"modified":"2021-11-30T12:44:20","modified_gmt":"2021-11-30T11:44:20","slug":"bienvenue","status":"publish","type":"page","link":"https:\/\/www.chs-yonne.fr\/girard-de-roussillon\/bienvenue\/","title":{"rendered":"Bienvenue \u00e0 la r\u00e9sidence Girard de Roussillon"},"content":{"rendered":"\n<p>R\u00e9sidents, demandeurs de soins, familles ou proches d&rsquo;usagers, professionnels de sant\u00e9, partenaires associ\u00e9s au d\u00e9veloppement de notre \u00e9tablissement, ou internautes soucieux de mieux conna\u00eetre et comprendre le fonctionnement de notre structure m\u00e9dico-sociale, les acteurs qui l&rsquo;animent et les r\u00e8gles qui la r\u00e9gissent, nous sommes heureux de mettre \u00e0 votre disposition ce site Internet qui a \u00e9t\u00e9 sp\u00e9cialement con\u00e7u pour r\u00e9pondre au mieux \u00e0 vos pr\u00e9occupations.<\/p>\n\n\n\n<p>Nous l&rsquo;avons voulu le plus simple, pratique, complet et convivial possible, afin de faciliter votre navigation et vous permettre, par la suite, de vous rep\u00e9rer facilement au sein de notre institution. Mais, nous restons sensibles \u00e0 toutes remarques et suggestions nous permettant d&rsquo;am\u00e9liorer encore votre visite et vos recherches.<\/p>\n\n\n\n<p>L&rsquo;ensemble du personnel se joint \u00e0 moi pour vous souhaiter une bonne d\u00e9couverte de notre \u00e9tablissement au fil des pages web.<\/p>\n\n\n\n<p class=\"has-text-align-right\"><em>Yves BUZENS, Directeur du CHSY<\/em><\/p>\n\n\n\n<figure class=\"wp-block-image size-large is-style-default\"><a href=\"http:\/\/www.chs-yonne.fr\/girard-de-roussillon\/wp-content\/uploads\/sites\/2\/2021\/07\/Village_de_Vezelay-scaled.jpg\" data-rel=\"lightbox-image-0\" data-rl_title=\"\" data-rl_caption=\"\" title=\"\"><img loading=\"lazy\" decoding=\"async\" width=\"1024\" height=\"542\" src=\"http:\/\/www.chs-yonne.fr\/girard-de-roussillon\/wp-content\/uploads\/sites\/2\/2021\/07\/Village_de_Vezelay-1024x542.jpg\" alt=\"\" class=\"wp-image-274\" srcset=\"https:\/\/www.chs-yonne.fr\/girard-de-roussillon\/wp-content\/uploads\/sites\/2\/2021\/07\/Village_de_Vezelay-1024x542.jpg 1024w, https:\/\/www.chs-yonne.fr\/girard-de-roussillon\/wp-content\/uploads\/sites\/2\/2021\/07\/Village_de_Vezelay-300x159.jpg 300w, https:\/\/www.chs-yonne.fr\/girard-de-roussillon\/wp-content\/uploads\/sites\/2\/2021\/07\/Village_de_Vezelay-768x407.jpg 768w, https:\/\/www.chs-yonne.fr\/girard-de-roussillon\/wp-content\/uploads\/sites\/2\/2021\/07\/Village_de_Vezelay-1536x813.jpg 1536w, https:\/\/www.chs-yonne.fr\/girard-de-roussillon\/wp-content\/uploads\/sites\/2\/2021\/07\/Village_de_Vezelay-2048x1084.jpg 2048w\" sizes=\"auto, (max-width: 1024px) 100vw, 1024px\" \/><\/a><figcaption>Village de V\u00e9zelay<\/figcaption><\/figure>\n","protected":false},"excerpt":{"rendered":"<p>R\u00e9sidents, demandeurs de soins, familles ou proches d&rsquo;usagers, professionnels de sant\u00e9, partenaires [&hellip;]<\/p>\n","protected":false},"author":2,"featured_media":0,"parent":0,"menu_order":0,"comment_status":"open","ping_status":"closed","template":"","meta":{"footnotes":""},"class_list":["post-25","page","type-page","status-publish","hentry"],"_links":{"self":[{"href":"https:\/\/www.chs-yonne.fr\/girard-de-roussillon\/wp-json\/wp\/v2\/pages\/25","targetHints":{"allow":["GET"]}}],"collection":[{"href":"https:\/\/www.chs-yonne.fr\/girard-de-roussillon\/wp-json\/wp\/v2\/pages"}],"about":[{"href":"https:\/\/www.chs-yonne.fr\/girard-de-roussillon\/wp-json\/wp\/v2\/types\/page"}],"author":[{"embeddable":true,"href":"https:\/\/www.chs-yonne.fr\/girard-de-roussillon\/wp-json\/wp\/v2\/users\/2"}],"replies":[{"embeddable":true,"href":"https:\/\/www.chs-yonne.fr\/girard-de-roussillon\/wp-json\/wp\/v2\/comments?post=25"}],"version-history":[{"count":11,"href":"https:\/\/www.chs-yonne.fr\/girard-de-roussillon\/wp-json\/wp\/v2\/pages\/25\/revisions"}],"predecessor-version":[{"id":397,"href":"https:\/\/www.chs-yonne.fr\/girard-de-roussillon\/wp-json\/wp\/v2\/pages\/25\/revisions\/397"}],"wp:attachment":[{"href":"https:\/\/www.chs-yonne.fr\/girard-de-roussillon\/wp-json\/wp\/v2\/media?parent=25"}],"curies":[{"name":"wp","href":"https:\/\/api.w.org\/{rel}","templated":true}]}}